{"id":9,"date":"2024-03-05T23:56:59","date_gmt":"2024-03-05T22:56:59","guid":{"rendered":"https:\/\/wp.kloudkaos.de\/?page_id=9"},"modified":"2024-03-06T00:03:30","modified_gmt":"2024-03-05T23:03:30","slug":"ueber-mich","status":"publish","type":"page","link":"https:\/\/wp.kloudkaos.de\/?page_id=9","title":{"rendered":"\u00dcber mich"},"content":{"rendered":"\n<div class=\"wp-block-group alignfull has-accent-5-background-color has-background is-vertical is-content-justification-center is-nowrap is-layout-flex wp-container-core-group-is-layout-2215816d wp-block-group-is-layout-flex\" style=\"min-height:100vh;margin-top:0;margin-bottom:0;padding-top:var(--wp--preset--spacing--50);padding-right:var(--wp--preset--spacing--50);padding-bottom:var(--wp--preset--spacing--50);padding-left:var(--wp--preset--spacing--50)\">\n<div class=\"wp-block-columns alignwide are-vertically-aligned-center is-layout-flex wp-container-core-columns-is-layout-47c06fe3 wp-block-columns-is-layout-flex\">\n<div class=\"wp-block-column is-vertically-aligned-center is-layout-flow wp-block-column-is-layout-flow\" style=\"flex-basis:40%\">\n<div class=\"wp-block-group is-layout-flow wp-container-core-group-is-layout-8f7ed23f wp-block-group-is-layout-flow\" style=\"min-height:100%;margin-top:0;margin-bottom:0;padding-right:0;padding-left:0\">\n<h1 class=\"wp-block-heading has-text-align-right\" style=\"margin-right:0;margin-left:calc( var(--wp--preset--spacing--20) * -1);font-size:clamp(5.174rem, 5.174rem + ((1vw - 0.2rem) * 11.377), 12rem);line-height:1;writing-mode:vertical-rl\">Robin<\/h1>\n\n\n\n<div class=\"wp-block-group has-global-padding is-content-justification-left is-layout-constrained wp-container-core-group-is-layout-0207514c wp-block-group-is-layout-constrained\" style=\"padding-right:0;padding-left:0\">\n<p class=\"wp-container-content-0733e5d0\">Hi, ich bin Robin! \ud83d\udc4b<br>Wenn du mehr \u00fcber mich erfahren m\u00f6chtest, schreib mir einfach \u00fcber meine Socials oder schick mir eine Mail! \ud83d\udc47<\/p>\n\n\n\n<div class=\"wp-block-buttons is-layout-flex wp-block-buttons-is-layout-flex\"><\/div>\n<\/div>\n<\/div>\n<\/div>\n\n\n\n<div class=\"wp-block-column is-vertically-aligned-top is-layout-flow wp-block-column-is-layout-flow\" style=\"flex-basis:60%\">\n<figure class=\"wp-block-image size-large is-style-rounded is-style-rounded--1\"><img loading=\"lazy\" decoding=\"async\" width=\"1249\" height=\"1650\" src=\"https:\/\/wp.kloudkaos.de\/wp-content\/uploads\/2024\/03\/image.webp\" alt=\"Gr\u00fcne Treppe an der Western University, London, Kanada\" class=\"wp-image-10\" style=\"aspect-ratio:3\/4;object-fit:cover\" srcset=\"https:\/\/wp.kloudkaos.de\/wp-content\/uploads\/2024\/03\/image.webp 1249w, https:\/\/wp.kloudkaos.de\/wp-content\/uploads\/2024\/03\/image-227x300.webp 227w, https:\/\/wp.kloudkaos.de\/wp-content\/uploads\/2024\/03\/image-775x1024.webp 775w, https:\/\/wp.kloudkaos.de\/wp-content\/uploads\/2024\/03\/image-768x1015.webp 768w, https:\/\/wp.kloudkaos.de\/wp-content\/uploads\/2024\/03\/image-1163x1536.webp 1163w\" sizes=\"auto, (max-width: 1249px) 100vw, 1249px\" \/><\/figure>\n<\/div>\n<\/div>\n<\/div>\n","protected":false},"excerpt":{"rendered":"<p>Robin Hi, ich bin Robin! \ud83d\udc4bWenn du mehr \u00fcber mich erfahren m\u00f6chtest, schreib mir einfach \u00fcber meine Socials oder schick mir eine Mail! \ud83d\udc47<\/p>\n","protected":false},"author":1,"featured_media":0,"parent":0,"menu_order":0,"comment_status":"closed","ping_status":"closed","template":"","meta":{"footnotes":""},"class_list":["post-9","page","type-page","status-publish","hentry"],"yoast_head":"<!-- This site is optimized with the Yoast SEO plugin v22.2 - https:\/\/yoast.com\/wordpress\/plugins\/seo\/ -->\n<title>\u00dcber mich - kloudkaos<\/title>\n<meta name=\"robots\" content=\"index, follow, max-snippet:-1, max-image-preview:large, max-video-preview:-1\" \/>\n<link rel=\"canonical\" href=\"https:\/\/wp.kloudkaos.de\/?page_id=9\" \/>\n<meta property=\"og:locale\" content=\"de_DE\" \/>\n<meta property=\"og:type\" content=\"article\" \/>\n<meta property=\"og:title\" content=\"\u00dcber mich - kloudkaos\" \/>\n<meta property=\"og:description\" content=\"Robin Hi, ich bin Robin! \ud83d\udc4bWenn du mehr \u00fcber mich erfahren m\u00f6chtest, schreib mir einfach \u00fcber meine Socials oder schick mir eine Mail! \ud83d\udc47\" \/>\n<meta property=\"og:url\" content=\"https:\/\/wp.kloudkaos.de\/?page_id=9\" \/>\n<meta property=\"og:site_name\" content=\"kloudkaos\" \/>\n<meta property=\"article:modified_time\" content=\"2024-03-05T23:03:30+00:00\" \/>\n<meta property=\"og:image\" content=\"https:\/\/wp.kloudkaos.de\/wp-content\/uploads\/2024\/03\/image.webp\" \/>\n<meta name=\"twitter:card\" content=\"summary_large_image\" \/>\n<meta name=\"twitter:label1\" content=\"Gesch\u00e4tzte Lesezeit\" \/>\n\t<meta name=\"twitter:data1\" content=\"1\u00a0Minute\" \/>\n<script type=\"application\/ld+json\" class=\"yoast-schema-graph\">{\"@context\":\"https:\/\/schema.org\",\"@graph\":[{\"@type\":\"WebPage\",\"@id\":\"https:\/\/wp.kloudkaos.de\/?page_id=9\",\"url\":\"https:\/\/wp.kloudkaos.de\/?page_id=9\",\"name\":\"\u00dcber mich - kloudkaos\",\"isPartOf\":{\"@id\":\"https:\/\/wp.kloudkaos.de\/#website\"},\"primaryImageOfPage\":{\"@id\":\"https:\/\/wp.kloudkaos.de\/?page_id=9#primaryimage\"},\"image\":{\"@id\":\"https:\/\/wp.kloudkaos.de\/?page_id=9#primaryimage\"},\"thumbnailUrl\":\"https:\/\/wp.kloudkaos.de\/wp-content\/uploads\/2024\/03\/image.webp\",\"datePublished\":\"2024-03-05T22:56:59+00:00\",\"dateModified\":\"2024-03-05T23:03:30+00:00\",\"breadcrumb\":{\"@id\":\"https:\/\/wp.kloudkaos.de\/?page_id=9#breadcrumb\"},\"inLanguage\":\"de\",\"potentialAction\":[{\"@type\":\"ReadAction\",\"target\":[\"https:\/\/wp.kloudkaos.de\/?page_id=9\"]}]},{\"@type\":\"ImageObject\",\"inLanguage\":\"de\",\"@id\":\"https:\/\/wp.kloudkaos.de\/?page_id=9#primaryimage\",\"url\":\"https:\/\/wp.kloudkaos.de\/wp-content\/uploads\/2024\/03\/image.webp\",\"contentUrl\":\"https:\/\/wp.kloudkaos.de\/wp-content\/uploads\/2024\/03\/image.webp\",\"width\":1249,\"height\":1650},{\"@type\":\"BreadcrumbList\",\"@id\":\"https:\/\/wp.kloudkaos.de\/?page_id=9#breadcrumb\",\"itemListElement\":[{\"@type\":\"ListItem\",\"position\":1,\"name\":\"Startseite\",\"item\":\"https:\/\/wp.kloudkaos.de\/\"},{\"@type\":\"ListItem\",\"position\":2,\"name\":\"\u00dcber mich\"}]},{\"@type\":\"WebSite\",\"@id\":\"https:\/\/wp.kloudkaos.de\/#website\",\"url\":\"https:\/\/wp.kloudkaos.de\/\",\"name\":\"kloudkaos\",\"description\":\"Dein Auftritt im Web. Hier aus der Region.\",\"potentialAction\":[{\"@type\":\"SearchAction\",\"target\":{\"@type\":\"EntryPoint\",\"urlTemplate\":\"https:\/\/wp.kloudkaos.de\/?s={search_term_string}\"},\"query-input\":\"required name=search_term_string\"}],\"inLanguage\":\"de\"}]}<\/script>\n<!-- \/ Yoast SEO plugin. -->","yoast_head_json":{"title":"\u00dcber mich - kloudkaos","robots":{"index":"index","follow":"follow","max-snippet":"max-snippet:-1","max-image-preview":"max-image-preview:large","max-video-preview":"max-video-preview:-1"},"canonical":"https:\/\/wp.kloudkaos.de\/?page_id=9","og_locale":"de_DE","og_type":"article","og_title":"\u00dcber mich - kloudkaos","og_description":"Robin Hi, ich bin Robin! \ud83d\udc4bWenn du mehr \u00fcber mich erfahren m\u00f6chtest, schreib mir einfach \u00fcber meine Socials oder schick mir eine Mail! \ud83d\udc47","og_url":"https:\/\/wp.kloudkaos.de\/?page_id=9","og_site_name":"kloudkaos","article_modified_time":"2024-03-05T23:03:30+00:00","og_image":[{"url":"https:\/\/wp.kloudkaos.de\/wp-content\/uploads\/2024\/03\/image.webp"}],"twitter_card":"summary_large_image","twitter_misc":{"Gesch\u00e4tzte Lesezeit":"1\u00a0Minute"},"schema":{"@context":"https:\/\/schema.org","@graph":[{"@type":"WebPage","@id":"https:\/\/wp.kloudkaos.de\/?page_id=9","url":"https:\/\/wp.kloudkaos.de\/?page_id=9","name":"\u00dcber mich - kloudkaos","isPartOf":{"@id":"https:\/\/wp.kloudkaos.de\/#website"},"primaryImageOfPage":{"@id":"https:\/\/wp.kloudkaos.de\/?page_id=9#primaryimage"},"image":{"@id":"https:\/\/wp.kloudkaos.de\/?page_id=9#primaryimage"},"thumbnailUrl":"https:\/\/wp.kloudkaos.de\/wp-content\/uploads\/2024\/03\/image.webp","datePublished":"2024-03-05T22:56:59+00:00","dateModified":"2024-03-05T23:03:30+00:00","breadcrumb":{"@id":"https:\/\/wp.kloudkaos.de\/?page_id=9#breadcrumb"},"inLanguage":"de","potentialAction":[{"@type":"ReadAction","target":["https:\/\/wp.kloudkaos.de\/?page_id=9"]}]},{"@type":"ImageObject","inLanguage":"de","@id":"https:\/\/wp.kloudkaos.de\/?page_id=9#primaryimage","url":"https:\/\/wp.kloudkaos.de\/wp-content\/uploads\/2024\/03\/image.webp","contentUrl":"https:\/\/wp.kloudkaos.de\/wp-content\/uploads\/2024\/03\/image.webp","width":1249,"height":1650},{"@type":"BreadcrumbList","@id":"https:\/\/wp.kloudkaos.de\/?page_id=9#breadcrumb","itemListElement":[{"@type":"ListItem","position":1,"name":"Startseite","item":"https:\/\/wp.kloudkaos.de\/"},{"@type":"ListItem","position":2,"name":"\u00dcber mich"}]},{"@type":"WebSite","@id":"https:\/\/wp.kloudkaos.de\/#website","url":"https:\/\/wp.kloudkaos.de\/","name":"kloudkaos","description":"Dein Auftritt im Web. Hier aus der Region.","potentialAction":[{"@type":"SearchAction","target":{"@type":"EntryPoint","urlTemplate":"https:\/\/wp.kloudkaos.de\/?s={search_term_string}"},"query-input":"required name=search_term_string"}],"inLanguage":"de"}]}},"_links":{"self":[{"href":"https:\/\/wp.kloudkaos.de\/index.php?rest_route=\/wp\/v2\/pages\/9","targetHints":{"allow":["GET"]}}],"collection":[{"href":"https:\/\/wp.kloudkaos.de\/index.php?rest_route=\/wp\/v2\/pages"}],"about":[{"href":"https:\/\/wp.kloudkaos.de\/index.php?rest_route=\/wp\/v2\/types\/page"}],"author":[{"embeddable":true,"href":"https:\/\/wp.kloudkaos.de\/index.php?rest_route=\/wp\/v2\/users\/1"}],"replies":[{"embeddable":true,"href":"https:\/\/wp.kloudkaos.de\/index.php?rest_route=%2Fwp%2Fv2%2Fcomments&post=9"}],"version-history":[{"count":2,"href":"https:\/\/wp.kloudkaos.de\/index.php?rest_route=\/wp\/v2\/pages\/9\/revisions"}],"predecessor-version":[{"id":13,"href":"https:\/\/wp.kloudkaos.de\/index.php?rest_route=\/wp\/v2\/pages\/9\/revisions\/13"}],"wp:attachment":[{"href":"https:\/\/wp.kloudkaos.de\/index.php?rest_route=%2Fwp%2Fv2%2Fmedia&parent=9"}],"curies":[{"name":"wp","href":"https:\/\/api.w.org\/{rel}","templated":true}]}}